- 11))
-7
What is -8 - (-7 + (25 - 6))?
-20
What is -4 + 3 - (-12 + (-3 - -16))?
-2
Evaluate (23 + (-9 - -1) - -3) + 1 + -9.
10
Calculate 0 - (3 - (7 + -1)) - 0.
3
(-32 - -15 - -20) + -11
-8
What is the value of -7 + (-20 - -9) + 4 + (7 - -14)?
7
What is the value of -1 - -2 - -10 - (-550 + 557)?
4
19 - 24 - (-4 - 16)
15
Evaluate (-8 + 11 - 10) + (-5 - 2 - -51).
37
Evaluate -1 - 7 - (-226 - -222).
-4
Evaluate (2 - -15) + -3 + -33 + 30.
11
Evaluate -7 - 1 - (-1 + 10 - 16).
-1
Evaluate 6 + -15 + 13 + 7 + 5.
16
Evaluate (24 - 36) + (10 - (-8 + 22)).
-16
What is the value of -46 - -39 - -35 - 62?
-34
Calculate -6 - 2 - (12 + -1 + -3).
-16
Calculate (12 - (7 + 0 + 8)) + -1 + 23.
19
Evaluate -192 - -192 - ((2 - (0 + 2)) + 10).
-10
What is -5 - 1 - (7 + 29 - 18)?
-24
Calculate 23 + -6 + 11 + -13.
15
-26 + -1 + -39 + (-5 - -46)
-25
Calculate -13 - (-8 - -3) - (-17 - -12).
-3
10 - (9 + (-10 - (-1 + -6)))
4
Calculate -13 - (-23 - (0 - 0) - 3).
13
Evaluate 20 + (39 - 20) - 20.
19
Calculate (118 - 115) + -2 + 0.
1
What is the value of -6 - (-8 - (-1 + -6 - -6))?
1
Calculate (0 - 1 - (-4 + 4)) + -3.
-4
-9 - -2 - (-16 + (-8 - -15)) - -2
4
(8561 - 8564) + (1 - (0 + 0) - -26)
24
Evaluate (14 - 2 - 1) + -163 + 188.
36
Evaluate -3 + -5 + (4 - (-9 + -4)).
9
0 - (7 + -2 + (-7 - -8) + 0)
-6
Calculate 4 + (4 - 11) - 2 - (-94 + 50).
39
Evaluate (6 - (-2 - (2 + 7 + -6))) + -4.
7
Evaluate 1 + 6 + -7 + 15 - 9.
6
Calculate (-8 - 2) + (-2 - (5 - 4)).
-13
-22 - (-25 - -12) - (3 + 6)
-18
What is the value of 21 + -15 + (4 - 4 - (9 + -2))?
-1
What is -1 + 18 + 657 + -663?
11
What is the value of -4 + -12 + (-6 + 17 - 3)?
-8
Evaluate (-2 + (-1 - -5) - 9) + -600 + 601.
-6
What is the value of (2897 - 2871) + 7 + 1?
34
What is the value of (7 + 0 + 2 + 1 - 6) + 0?
4
(-15 - -7) + (1 - -3) - (-12 - -22)
-14
-2 + (-3 - -7) + -12 - 4
-14
-16 + 9 + -1 + 25 - 5
12
1 + -21 + (47 - 38)
-11
What is the value of 9 - (13 + -7 + -1) - (3 - 3)?
4
What is -32 - -16 - (-5 + 2)?
-13
Evaluate -1 + -5 + -1 + -223 + 221.
-9
What is the value of (6 - -12) + -1 + 5?
22
-10 + 22 - -13 - 19
6
1 + -1 + 8 + (31 - 36)
3
What is 1 + -5 + 4 + -8 + -12?
-20
Evaluate (55 - 39) + (1 - 19).
-2
What is 25 + (20 - 55) + -1 + 4?
-7
What is 0 + 12 - (1886 + -1837)?
-37
(16 - 5) + (-32 - 5)
-26
What is (26 + -26 - -23) + -24?
-1
What is the value of -11 - (-12 + (-16 - (-2 - 6)))?
9
Calculate -6 - (-8 + (1 - -2)).
-1
-16 - (-12 + 13 + -38)
21
Evaluate 25 + (13 - 30) - (8 - 1) - -27.
28
What is -14 + (11 - (-4 + 12 - 3)) - 9?
-17
Calculate -199 - -208 - (-1 - -1).
9
What is 1 + (-22 - -14 - -9)?
2
What is -2 + 19 - -8 - 21?
4
What is the value of 351 - 349 - (10 - 0)?
-8
Calculate (-22 - -14) + 6 - (2 + 1).
-5
What is -36 - (-23 - -16 - 23)?
-6
What is (-1 - (8 + -8)) + (-2 - -4) + 9?
10
Evaluate 48 + (33 - 17 - 31).
33
What is the value of 40 - 37 - (-4 + 7)?
0
What is the value of -5 - (-6 + (-8 - 0) + 17)?
-8
What is (46 - 51 - -59) + -46?
8
What is (-6 - 9) + (10 - 1) + 1 + 5?
0
What is the value of 7 + -5 + -10 - -14?
6
-1 + -9 - (0 - 1 - 6)
-3
Calculate 12 + (-20 - 6 - -9).
-5
Evaluate -9 - (-5 + (1 - (-12 - (-7 + 1)))).
-11
Evaluate (0 - -7 - 1) + 3 + 4.
13
-324 - -333 - (15 + 1)
-7
38 + -24 - ((0 - 3) + 8)
9
What is the value of -40 + -22 + 76 + (-1 - (0 + 2))?
11
9 + (6 - (4 + 4)) + -24
-17
Calculate -5 - ((0 - 17) + (-374 - -391)).
-5
What is 22 - 22 - (12 + -2 - 5)?
-5
Evaluate -13 + -1 + -7 + 1 + (22 - 15).
-13
Calculate (4 - 5 - -19) + (105 - 102).
21
Evaluate (17 - 27) + (6 - 3) + -11.
-18
What is the value of -26 + 78 + -41 + (-1 - 19)?
-9
What is (-2 + -3 - -10) + 13 + -7 - 1?
10
Evaluate -3 - (-11 - -18 - 23 - -7).
6
What is the value of -59 + 63 + -4 + 1 + -14 + 2?
-11
What is the value of 28 + -25 - -11 - (-1 - -3)?
12
What is 8 + 16 + (-36 - -10) - -38?
36
Evaluate (1 - 23) + 15 + (-6 - 10) - -1.
-22
What is the value of (2 - -30 - (-55 + 72)) + -6?
9
What is (15 - (4 - -11)) + -10 + 1?
-9
Evaluate 20 - 23 - (-2 - -7).
-8
Calculate (13 - 10) + 4 + (-9 - -16).
14
Calculate 1 + -13 + 4 + -6.
-14
Calculate 21 + -13 + -2 - (-2 - (-1 + -6)).
1
What is 3 + 3 + 5 + -6 + -6?
-1
6 + (0 + -5 - 9) - (-17 + 13)
-4
What is (23 - (-16 + 19)) + -10?
10
Evaluate 1 + -13 + (4 - -12 - 19).
-15
What is the value of -4 - (1 + 2 - (26 - 25))?
-6
What is the value of -37 - (-11 + 2 - (-26 + 28))?
-26
What is the value of 2 - ((4 - (3 - 9)) + -6)?
-2
-20 - ((-9 - -1) + (-18 - (27 + -50)))
-17
What is the value of (5 - (1 - -6 - 14 - -1)) + -7?
4
Calculate -12 - (-17 + 32 + -6 - -1).
-22
Calculate (62 + -25 - 57) + 4 + 2.
-14
-18 - (-26 + (6 - 3) + -14)
19
Evaluate -713 + 722 - (1 + 0 - -10).
-2
What is the value of 7 + 3 + -2 - (9 + -4)?
3
Evaluate 11 - (0 + -10 + 6 + 5).
10
1 - (1 + (-10 - -4) - 0)
6
-1 + -22 - (-25 - (-4 + -15))
-17
-2 - 0 - (33 + (0 - 4 - 9))
-22
What is the value of -5 + -9 - -6 - -12 - -4?
8
Calculate 13 + (10 + -16 - 9).
-2
-6 + (7 - 4 - 18) + -7 - 6
-34
What is the value of (4 - 9) + 8 + (12 - 11) + -10?
-6
Calculate -18 - (29 + -16 + -25).
-6
Evaluate -4 - -4 - (-3 + 10 + -4 - 2).
-1
Evaluate (18 - (-2 + 15)) + -9 + (2 - 0).
-2
What is the value of -12 - (3 + -13 + 9) - -27?
16
Calculate 5 + -9 + -9 + 7 - (-11 + 1).
4
What is the value of (-8 + 10 - 0) + 10 + -13?
-1
Calculate -31 + (-9 + 28 - -10).
-2
What is the value of -12 + (6 + 5 - (3 + 10))?
-14
Evaluate -10 + 14 + 9 + 0 + -1.
12
10 + 2 - (14 + -4 + -5 + 0)
7
What is 0 - -1 - (10 - 7) - (-2 - 0)?
0
Calculate 40 + -2 + (-27 - -29) + -14.
26
Evaluate -7 + 1 + 14 - (10 + (-4 - 1)).
3
Calculate 13 + 9 + 8 + (-3 - 4).
23
What is the value of 1 + -5 + (0 - -6) - -2 - -16?
20
Evaluate -7 - (10 + -5 + -21) - (-21 + 9).
21
-17 - (28 + 1 + -160 + 141)
-27
Evaluate (13 - 43) + 3 + -9 + 23 + -11.
-24
(0 - (-10 - (-7 + -9))) + 2
-4
Calculate 3 - 14 - 1 - (46 + 26 + -48).
-36
What is -550 - -541 - ((-2 - -2) + -23)?
14
What is the value of -39 + 32 - (-4 + 1)?
-4
Evaluate 17 - -1 - (-25 + 8 - -21).
14
What is the value of 18 + (-16 + 9 - -13) - 5?
19
Calculate 851 - 871 - ((-1 - -1) + -1) - -9.
-10
12 - 1 - (14 + -24 + -3 + 16)
8
-1 + (7 - -21) + -12
15
Evaluate (19 - 14) + 0 + 1 + -5.
1
What is the value of (12 - 4 - 38) + (30 - 23)?
-23
Evaluate 19 + (11 + -10 - (-4 - -2 - -1)).
21
Evaluate -18 + -3 + (14 - 3) - -3.
-7
Evaluate (12 - (17 + -20) - (-1 - 6)) + -4.
18
What is 4 + -2 - 3 - (2 - (-9 - -2))?
-10
What is the value of -4 + 2 + -6 + -4 - -5 - -11?
4
What is the value of -26 + 4 + 5 + (-3 + 8 - 4)?
-16
Evaluate 15 - ((-3 - -27) + -12).
3
(38 - 64) + 0 + 3
-23
What is -19 + 34 + -4 + 5?
16
Calculate 3 - (-5 + (-1 - 0) + 5) - 2.
2
What is (-12 - 0) + (11 - (21 - (5 + 12)))?
-5
What is the value of -2 + -10 + -10 - -9?
-13
What is 1 + -1 + 3 + -2 + 11?
12
What is (-25 - 2) + 7 + (-4 - -12)?
-12
Evaluate (17 - 11 - 10) + 17.
13
Calculate -7 - 0 - (692 + -701).
2
Calculate (1 + -16 - (13 + -21) - 0) + -8.
-15
What is (-1 - (3 + -3 - -4)) + (7 - -10)?
12
What is the value of (3 - (-6 + -6)) + -4 - -11?
22
Calculate 0 + 2 + -4 + 117 + -114.
1
Calculate 0 - (-8 + 3 - (12 + (3 - 10))).
10
Evaluate -12 + -6 + 8 - -29.
19
Evaluate 4 + ((4 - 4) + -5 - -7) - 16.
-10
What is 2 + 6 + ((1 - 9) + 22 - 7)?
15
What is 199 - 189 - (13 + 1)?
-4
Evaluate 1 + -1 + (5 - (-9 + 17)) + 5.
2
What is -96 - -103 - (8 + 0) - -14?
13
Calculate -2 - ((9 - -16) + -16 - (1 - -1)).
-9
Evaluate (-2281 - -2272) + (-1 - -18).
8
What is the value of (33 + -22 - 20) + 26?
17
What is the value of -3 + 1 + -2 - (-4 - -12)?
-12
What is 41 + -42 + (-6 - -20)?
13
2 - 1 - ((-3 - 7) + 45)
-34
What is the value of -8 + 10 + (1 - 11)?
-8
Evaluate 11 - (4 - -1 - (10 + (2 - 11))).
7
Calculate -4 + 8 - 1 - (3 + 4) - -4.
0
(-5 - -4) + (-21 - -45)
23
Calculate (-8 - 0 - -1) + (-125 - -141).
9
What is the value of 29 + (1 - 1) - (2 + -23 - -27)?
23
Calculate 11 - (1 + -14 + 29) - -12.
7
Calculate -9 + 6 - (2 + 8 + -13).
0
Evaluate 17 + -11 + -1 + 7.
12
Evaluate -27 + (10 - (-26 + 14)).
-5
What is 7 - (2 + 4 + 24 + -36)?
13
Evaluate -4 - ((13 - (-7 + 22)) + (5 - 1)).
-6
(4 - (9 - ((-4 - 2) + 10))) + 4
3
Calculate (21 + 5 + -16 - -3) + 17.
30
(19 - (9 + 1)) + -1
8
What is -6 - (-2 - -1) - (-13 + 8) - 0?
0
What is the value of -32 + (7 - (-8 - 4))?
-13
Calculate -1 + 2 + (55 - 41 - (19 + -13))